{"id":15,"date":"2022-08-30T12:25:41","date_gmt":"2022-08-30T10:25:41","guid":{"rendered":"https:\/\/rejestracja.gmsynergy.com.pl\/index.php\/mesmerize\/"},"modified":"2024-07-19T14:12:18","modified_gmt":"2024-07-19T12:12:18","slug":"mesmerize","status":"publish","type":"page","link":"https:\/\/rejestracja.gmsynergy.com.pl\/index.php\/mesmerize\/","title":{"rendered":"Strona g\u0142\u00f3wna"},"content":{"rendered":"\t\t<div data-elementor-type=\"wp-page\" data-elementor-id=\"15\" class=\"elementor elementor-15\">\n\t\t\t\t\t\t\t\t\t<section class=\"elementor-section elementor-top-section elementor-element elementor-element-7cfc5759 elementor-section-boxed elementor-section-height-default elementor-section-height-default\" data-id=\"7cfc5759\" data-element_type=\"section\">\n\t\t\t\t\t\t<div class=\"elementor-container elementor-column-gap-default\">\n\t\t\t\t\t<div class=\"elementor-column elementor-col-100 elementor-top-column elementor-element elementor-element-7d1dafb8\" data-id=\"7d1dafb8\" data-element_type=\"column\">\n\t\t\t<div class=\"elementor-widget-wrap elementor-element-populated\">\n\t\t\t\t\t\t\t\t<div class=\"elementor-element elementor-element-2c4d472 elementor-align-center elementor-widget elementor-widget-button\" data-id=\"2c4d472\" data-element_type=\"widget\" data-widget_type=\"button.default\">\n\t\t\t\t<div class=\"elementor-widget-container\">\n\t\t\t\t\t<div class=\"elementor-button-wrapper\">\n\t\t\t<a href=\"https:\/\/rejestracja.gmsynergy.com.pl\/index.php\/rejestracja\/\" class=\"elementor-button-link elementor-button elementor-size-xl\" role=\"button\">\n\t\t\t\t\t\t<span class=\"elementor-button-content-wrapper\">\n\t\t\t\t\t\t<span class=\"elementor-button-text\">ZAPRASZAMY DO REJESTRACJI!<\/span>\n\t\t<\/span>\n\t\t\t\t\t<\/a>\n\t\t<\/div>\n\t\t\t\t<\/div>\n\t\t\t\t<\/div>\n\t\t\t\t<div class=\"elementor-element elementor-element-2789567 elementor-widget elementor-widget-heading\" data-id=\"2789567\" data-element_type=\"widget\" data-widget_type=\"heading.default\">\n\t\t\t\t<div class=\"elementor-widget-container\">\n\t\t\t<style>\/*! elementor - v3.7.3 - 29-08-2022 *\/\n.elementor-heading-title{padding:0;margin:0;line-height:1}.elementor-widget-heading .elementor-heading-title[class*=elementor-size-]>a{color:inherit;font-size:inherit;line-height:inherit}.elementor-widget-heading .elementor-heading-title.elementor-size-small{font-size:15px}.elementor-widget-heading .elementor-heading-title.elementor-size-medium{font-size:19px}.elementor-widget-heading .elementor-heading-title.elementor-size-large{font-size:29px}.elementor-widget-heading .elementor-heading-title.elementor-size-xl{font-size:39px}.elementor-widget-heading .elementor-heading-title.elementor-size-xxl{font-size:59px}<\/style><h1 class=\"elementor-heading-title elementor-size-default\">Konferencja  <br>Otwarci na kraje DACHL <br>17-19 wrze\u015bnia 2024r.<\/h1>\t\t<\/div>\n\t\t\t\t<\/div>\n\t\t\t\t<div class=\"elementor-element elementor-element-c0ea383 elementor-widget elementor-widget-image\" data-id=\"c0ea383\" data-element_type=\"widget\" data-widget_type=\"image.default\">\n\t\t\t\t<div class=\"elementor-widget-container\">\n\t\t\t<style>\/*! elementor - v3.7.3 - 29-08-2022 *\/\n.elementor-widget-image{text-align:center}.elementor-widget-image a{display:inline-block}.elementor-widget-image a img[src$=\".svg\"]{width:48px}.elementor-widget-image img{vertical-align:middle;display:inline-block}<\/style>\t\t\t\t\t\t\t\t\t\t\t\t<img loading=\"lazy\" decoding=\"async\" width=\"1024\" height=\"576\" src=\"https:\/\/rejestracja.gmsynergy.com.pl\/wp-content\/uploads\/2024\/05\/Ekran_LED_PL-1024x576.png\" class=\"attachment-large size-large\" alt=\"Obraz przedstawia logo Warmia Mazury oraz tekst: Konferencja\" srcset=\"https:\/\/rejestracja.gmsynergy.com.pl\/wp-content\/uploads\/2024\/05\/Ekran_LED_PL-1024x576.png 1024w, https:\/\/rejestracja.gmsynergy.com.pl\/wp-content\/uploads\/2024\/05\/Ekran_LED_PL-300x169.png 300w, https:\/\/rejestracja.gmsynergy.com.pl\/wp-content\/uploads\/2024\/05\/Ekran_LED_PL-768x432.png 768w, https:\/\/rejestracja.gmsynergy.com.pl\/wp-content\/uploads\/2024\/05\/Ekran_LED_PL-1536x864.png 1536w, https:\/\/rejestracja.gmsynergy.com.pl\/wp-content\/uploads\/2024\/05\/Ekran_LED_PL-2048x1152.png 2048w, https:\/\/rejestracja.gmsynergy.com.pl\/wp-content\/uploads\/2024\/05\/Ekran_LED_PL-1920x1080.png 1920w\" sizes=\"auto, (max-width: 1024px) 100vw, 1024px\" \/>\t\t\t\t\t\t\t\t\t\t\t\t\t\t\t<\/div>\n\t\t\t\t<\/div>\n\t\t\t\t<div class=\"elementor-element elementor-element-917d0f0 elementor-widget elementor-widget-heading\" data-id=\"917d0f0\" data-element_type=\"widget\" data-widget_type=\"heading.default\">\n\t\t\t\t<div class=\"elementor-widget-container\">\n\t\t\t<h2 class=\"elementor-heading-title elementor-size-default\">Ramowy plan wydarzenia:<\/h2>\t\t<\/div>\n\t\t\t\t<\/div>\n\t\t\t\t<div class=\"elementor-element elementor-element-7bcf340 elementor-widget elementor-widget-heading\" data-id=\"7bcf340\" data-element_type=\"widget\" data-widget_type=\"heading.default\">\n\t\t\t\t<div class=\"elementor-widget-container\">\n\t\t\t<h3 class=\"elementor-heading-title elementor-size-default\">Pierwszy dzie\u0144 wydarzenia: <br>- Przyjazd uczestnik\u00f3w z kraj\u00f3w DACHL <br>- Spacer po olszty\u0144skiej star\u00f3wce z przewodnikiem dla zagranicznych uczestnik\u00f3w<br><div><div><div><div data-elementor-type=\"wp-page\" data-elementor-id=\"15\"><section data-id=\"7cfc5759\" data-element_type=\"section\"><div><div data-id=\"7d1dafb8\" data-element_type=\"column\"><div><div data-id=\"3e08c5e\" data-element_type=\"widget\" data-widget_type=\"text-editor.default\"><div><\/div><\/div><\/div><\/div><\/div><\/section><\/div><\/div><\/div><\/div><\/h3>\t\t<\/div>\n\t\t\t\t<\/div>\n\t\t\t\t<div class=\"elementor-element elementor-element-de3276a elementor-widget elementor-widget-heading\" data-id=\"de3276a\" data-element_type=\"widget\" data-widget_type=\"heading.default\">\n\t\t\t\t<div class=\"elementor-widget-container\">\n\t\t\t<h3 class=\"elementor-heading-title elementor-size-default\">Drugi dzie\u0144 wydarzenia:<br>-<b>Konferencja networkingowa w Olsztynie<\/b><\/h3>\t\t<\/div>\n\t\t\t\t<\/div>\n\t\t\t\t<div class=\"elementor-element elementor-element-5c93185 elementor-align-left elementor-widget elementor-widget-button\" data-id=\"5c93185\" data-element_type=\"widget\" data-widget_type=\"button.default\">\n\t\t\t\t<div class=\"elementor-widget-container\">\n\t\t\t\t\t<div class=\"elementor-button-wrapper\">\n\t\t\t<a href=\"https:\/\/rejestracja.gmsynergy.com.pl\/index.php\/agenda\/\" class=\"elementor-button-link elementor-button elementor-size-md\" role=\"button\">\n\t\t\t\t\t\t<span class=\"elementor-button-content-wrapper\">\n\t\t\t\t\t\t<span class=\"elementor-button-text\">SPRAWD\u0179 AGEND\u0118<\/span>\n\t\t<\/span>\n\t\t\t\t\t<\/a>\n\t\t<\/div>\n\t\t\t\t<\/div>\n\t\t\t\t<\/div>\n\t\t\t\t\t<\/div>\n\t\t<\/div>\n\t\t\t\t\t\t\t<\/div>\n\t\t<\/section>\n\t\t\t\t\t\t\t<\/div>\n\t\t","protected":false},"excerpt":{"rendered":"<p>ZAPRASZAMY DO REJESTRACJI! Konferencja Otwarci na kraje DACHL 17-19 wrze\u015bnia 2024r. Ramowy plan wydarzenia: Pierwszy dzie\u0144 wydarzenia: &#8211; Przyjazd uczestnik\u00f3w z kraj\u00f3w DACHL &#8211; Spacer po olszty\u0144skiej star\u00f3wce z przewodnikiem dla zagranicznych uczestnik\u00f3w Drugi dzie\u0144 wydarzenia:&#8211;Konferencja networkingowa w Olsztynie SPRAWD\u0179 AGEND\u0118<\/p>\n","protected":false},"author":1,"featured_media":0,"parent":0,"menu_order":0,"comment_status":"closed","ping_status":"closed","template":"page-templates\/homepage.php","meta":{"footnotes":""},"class_list":["post-15","page","type-page","status-publish","hentry"],"_links":{"self":[{"href":"https:\/\/rejestracja.gmsynergy.com.pl\/index.php\/wp-json\/wp\/v2\/pages\/15","targetHints":{"allow":["GET"]}}],"collection":[{"href":"https:\/\/rejestracja.gmsynergy.com.pl\/index.php\/wp-json\/wp\/v2\/pages"}],"about":[{"href":"https:\/\/rejestracja.gmsynergy.com.pl\/index.php\/wp-json\/wp\/v2\/types\/page"}],"author":[{"embeddable":true,"href":"https:\/\/rejestracja.gmsynergy.com.pl\/index.php\/wp-json\/wp\/v2\/users\/1"}],"replies":[{"embeddable":true,"href":"https:\/\/rejestracja.gmsynergy.com.pl\/index.php\/wp-json\/wp\/v2\/comments?post=15"}],"version-history":[{"count":139,"href":"https:\/\/rejestracja.gmsynergy.com.pl\/index.php\/wp-json\/wp\/v2\/pages\/15\/revisions"}],"predecessor-version":[{"id":528,"href":"https:\/\/rejestracja.gmsynergy.com.pl\/index.php\/wp-json\/wp\/v2\/pages\/15\/revisions\/528"}],"wp:attachment":[{"href":"https:\/\/rejestracja.gmsynergy.com.pl\/index.php\/wp-json\/wp\/v2\/media?parent=15"}],"curies":[{"name":"wp","href":"https:\/\/api.w.org\/{rel}","templated":true}]}}